[INFO] cloning repository https://github.com/mnussbaum/validate-container
[INFO] running `Command { std: "git" "-c" "credential.helper=" "-c" "credential.helper=/workspace/cargo-home/bin/git-credential-null" "clone" "--bare" "https://github.com/mnussbaum/validate-container" "/workspace/cache/git-repos/https%3A%2F%2Fgithub.com%2Fmnussbaum%2Fvalidate-container", kill_on_drop: false }`
[INFO] [stderr] Cloning into bare repository '/workspace/cache/git-repos/https%3A%2F%2Fgithub.com%2Fmnussbaum%2Fvalidate-container'...
[INFO] running `Command { std: "git" "rev-parse" "HEAD", kill_on_drop: false }`
[INFO] [stdout] a4d9966ca185b71f510396fb5c8cdeeb81375f04
[INFO] checking mnussbaum/validate-container against try#72f88fc4e9458f89516a0b8b0868f3718aec5b47 for pr-74989
[INFO] running `Command { std: "git" "clone" "/workspace/cache/git-repos/https%3A%2F%2Fgithub.com%2Fmnussbaum%2Fvalidate-container" "/workspace/builds/worker-4/source", kill_on_drop: false }`
[INFO] [stderr] Cloning into '/workspace/builds/worker-4/source'...
[INFO] [stderr] done.
[INFO] validating manifest of git repo https://github.com/mnussbaum/validate-container on toolchain 72f88fc4e9458f89516a0b8b0868f3718aec5b47
[INFO] running `Command { std: "/workspace/cargo-home/bin/cargo" "+72f88fc4e9458f89516a0b8b0868f3718aec5b47" "read-manifest" "--manifest-path" "Cargo.toml", kill_on_drop: false }`
[INFO] started tweaking git repo https://github.com/mnussbaum/validate-container
[INFO] removed path dependency shiplift from git repo https://github.com/mnussbaum/validate-container
[INFO] finished tweaking git repo https://github.com/mnussbaum/validate-container
[INFO] tweaked toml for git repo https://github.com/mnussbaum/validate-container written to /workspace/builds/worker-4/source/Cargo.toml
[INFO] crate git repo https://github.com/mnussbaum/validate-container already has a lockfile, it will not be regenerated
[INFO] running `Command { std: "/workspace/cargo-home/bin/cargo" "+72f88fc4e9458f89516a0b8b0868f3718aec5b47" "fetch" "--locked" "--manifest-path" "Cargo.toml", kill_on_drop: false }`
[INFO] [stderr] warning: dependency (shiplift) specified without providing a local path, Git repository, or version to use. This will be considered an error in future versions
[INFO] [stderr]     Updating crates.io index
[INFO] [stderr] error: the lock file /workspace/builds/worker-4/source/Cargo.lock needs to be updated but --locked was passed to prevent this
[INFO] [stderr] If you want to try to generate the lock file without accessing the network, use the --offline flag.
[INFO] the lockfile is outdated, regenerating it
[INFO] running `Command { std: "/workspace/cargo-home/bin/cargo" "+72f88fc4e9458f89516a0b8b0868f3718aec5b47" "generate-lockfile" "--manifest-path" "Cargo.toml" "-Zno-index-update", kill_on_drop: false }`
[INFO] running `Command { std: "/workspace/cargo-home/bin/cargo" "+72f88fc4e9458f89516a0b8b0868f3718aec5b47" "fetch" "--locked" "--manifest-path" "Cargo.toml", kill_on_drop: false }`
[INFO] [stderr] warning: dependency (shiplift) specified without providing a local path, Git repository, or version to use. This will be considered an error in future versions
[INFO] running `Command { std: "docker" "create" "-v" "/var/lib/crater-agent-workspace/builds/worker-4/target:/opt/rustwide/target:rw,Z" "-v" "/var/lib/crater-agent-workspace/builds/worker-4/source:/opt/rustwide/workdir:ro,Z" "-v" "/var/lib/crater-agent-workspace/cargo-home:/opt/rustwide/cargo-home:ro,Z" "-v" "/var/lib/crater-agent-workspace/rustup-home:/opt/rustwide/rustup-home:ro,Z" "-e" "SOURCE_DIR=/opt/rustwide/workdir" "-e" "CARGO_TARGET_DIR=/opt/rustwide/target" "-e" "CARGO_HOME=/opt/rustwide/cargo-home" "-e" "RUSTUP_HOME=/opt/rustwide/rustup-home" "-w" "/opt/rustwide/workdir" "-m" "1610612736" "--user" "0:0" "--network" "none" "rustops/crates-build-env@sha256:d92eaeed33fa75130ca1ee6c8a01d1ffb62bac859dfdfb3450e3e5d1c0146529" "/opt/rustwide/cargo-home/bin/cargo" "+72f88fc4e9458f89516a0b8b0868f3718aec5b47" "metadata" "--no-deps" "--format-version=1", kill_on_drop: false }`
[INFO] [stdout] d4fdafe8fd8a2cbc23e0b0379e7511118fa6e139c98b3886ba962adbcbca182c
[INFO] [stderr] WARNING: Your kernel does not support swap limit capabilities or the cgroup is not mounted. Memory limited without swap.
[INFO] running `Command { std: "docker" "start" "-a" "d4fdafe8fd8a2cbc23e0b0379e7511118fa6e139c98b3886ba962adbcbca182c", kill_on_drop: false }`
[INFO] running `Command { std: "docker" "inspect" "d4fdafe8fd8a2cbc23e0b0379e7511118fa6e139c98b3886ba962adbcbca182c", kill_on_drop: false }`
[INFO] running `Command { std: "docker" "rm" "-f" "d4fdafe8fd8a2cbc23e0b0379e7511118fa6e139c98b3886ba962adbcbca182c", kill_on_drop: false }`
[INFO] [stdout] d4fdafe8fd8a2cbc23e0b0379e7511118fa6e139c98b3886ba962adbcbca182c
[INFO] running `Command { std: "docker" "create" "-v" "/var/lib/crater-agent-workspace/builds/worker-4/target:/opt/rustwide/target:rw,Z" "-v" "/var/lib/crater-agent-workspace/builds/worker-4/source:/opt/rustwide/workdir:ro,Z" "-v" "/var/lib/crater-agent-workspace/cargo-home:/opt/rustwide/cargo-home:ro,Z" "-v" "/var/lib/crater-agent-workspace/rustup-home:/opt/rustwide/rustup-home:ro,Z" "-e" "SOURCE_DIR=/opt/rustwide/workdir" "-e" "CARGO_TARGET_DIR=/opt/rustwide/target" "-e" "CARGO_INCREMENTAL=0" "-e" "RUST_BACKTRACE=full" "-e" "RUSTFLAGS=--cap-lints=forbid" "-e" "CARGO_HOME=/opt/rustwide/cargo-home" "-e" "RUSTUP_HOME=/opt/rustwide/rustup-home" "-w" "/opt/rustwide/workdir" "-m" "1610612736" "--user" "0:0" "--network" "none" "rustops/crates-build-env@sha256:d92eaeed33fa75130ca1ee6c8a01d1ffb62bac859dfdfb3450e3e5d1c0146529" "/opt/rustwide/cargo-home/bin/cargo" "+72f88fc4e9458f89516a0b8b0868f3718aec5b47" "check" "--frozen" "--all" "--all-targets" "--message-format=json", kill_on_drop: false }`
[INFO] [stdout] 254c3f445ab248a3f0de096dc3c65aae72083435da4fcf83664615ae7e05df74
[INFO] [stderr] WARNING: Your kernel does not support swap limit capabilities or the cgroup is not mounted. Memory limited without swap.
[INFO] running `Command { std: "docker" "start" "-a" "254c3f445ab248a3f0de096dc3c65aae72083435da4fcf83664615ae7e05df74", kill_on_drop: false }`
[INFO] [stderr] warning: dependency (shiplift) specified without providing a local path, Git repository, or version to use. This will be considered an error in future versions
[INFO] [stderr]    Compiling autocfg v1.0.1
[INFO] [stderr]     Checking futures v0.1.29
[INFO] [stderr]    Compiling log v0.4.11
[INFO] [stderr]     Checking fnv v1.0.7
[INFO] [stderr]    Compiling pkg-config v0.3.18
[INFO] [stderr]    Compiling cc v1.0.59
[INFO] [stderr]     Checking itoa v0.4.6
[INFO] [stderr]     Checking try-lock v0.2.3
[INFO] [stderr]    Compiling openssl v0.10.30
[INFO] [stderr]    Compiling ryu v1.0.5
[INFO] [stderr]     Checking tinyvec v0.3.4
[INFO] [stderr]    Compiling hyper-openssl v0.7.1
[INFO] [stderr]     Checking hex v0.3.2
[INFO] [stderr]     Checking linked_hash_set v0.1.4
[INFO] [stderr]    Compiling proc-macro2 v1.0.21
[INFO] [stderr]    Compiling parking_lot_core v0.6.2
[INFO] [stderr]    Compiling parking_lot v0.9.0
[INFO] [stderr]    Compiling hyper v0.12.35
[INFO] [stderr]     Checking smallvec v0.6.13
[INFO] [stderr]     Checking iovec v0.1.4
[INFO] [stderr]     Checking net2 v0.2.35
[INFO] [stderr]     Checking time v0.1.44
[INFO] [stderr]     Checking filetime v0.2.12
[INFO] [stderr]     Checking xattr v0.2.2
[INFO] [stderr]     Checking bytes v0.4.12
[INFO] [stderr]     Checking unicode-normalization v0.1.13
[INFO] [stderr]     Checking tar v0.4.30
[INFO] [stderr]    Compiling crossbeam-utils v0.7.2
[INFO] [stderr]    Compiling memoffset v0.5.5
[INFO] [stderr]    Compiling crossbeam-epoch v0.8.2
[INFO] [stderr]    Compiling indexmap v1.6.0
[INFO] [stderr]    Compiling num-traits v0.2.12
[INFO] [stderr]    Compiling num-integer v0.1.43
[INFO] [stderr]    Compiling miniz_oxide v0.4.2
[INFO] [stderr]     Checking mio v0.6.22
[INFO] [stderr]    Compiling quote v1.0.7
[INFO] [stderr]     Checking http v0.1.21
[INFO] [stderr]     Checking string v0.2.1
[INFO] [stderr]    Compiling syn v1.0.41
[INFO] [stderr]    Compiling openssl-sys v0.9.58
[INFO] [stderr]     Checking tokio-io v0.1.13
[INFO] [stderr]     Checking tokio-sync v0.1.8
[INFO] [stderr]     Checking tokio-buf v0.1.1
[INFO] [stderr]     Checking futures-cpupool v0.1.8
[INFO] [stderr]     Checking want v0.2.0
[INFO] [stderr]     Checking idna v0.2.0
[INFO] [stderr]     Checking tokio-executor v0.1.10
[INFO] [stderr]     Checking crossbeam-queue v0.2.3
[INFO] [stderr]     Checking mio-uds v0.6.8
[INFO] [stderr]     Checking tokio-timer v0.2.13
[INFO] [stderr]     Checking tokio-current-thread v0.1.7
[INFO] [stderr]     Checking crossbeam-deque v0.7.3
[INFO] [stderr]     Checking flate2 v1.0.17
[INFO] [stderr]     Checking tokio-codec v0.1.2
[INFO] [stderr]     Checking tokio-reactor v0.1.12
[INFO] [stderr]     Checking tokio-threadpool v0.1.18
[INFO] [stderr]     Checking url v2.1.1
[INFO] [stderr]     Checking tokio-tcp v0.1.4
[INFO] [stderr]     Checking tokio-udp v0.1.6
[INFO] [stderr]     Checking tokio-uds v0.2.7
[INFO] [stderr]     Checking tokio-fs v0.1.7
[INFO] [stderr]     Checking tokio v0.1.22
[INFO] [stderr]     Checking http-body v0.1.0
[INFO] [stderr]     Checking h2 v0.1.26
[INFO] [stderr]    Compiling serde_derive v1.0.116
[INFO] [stderr]     Checking tokio-openssl v0.3.0
[INFO] [stderr]     Checking hyperlocal v0.6.0
[INFO] [stderr]     Checking serde v1.0.116
[INFO] [stderr]     Checking chrono v0.4.15
[INFO] [stderr]     Checking serde_json v1.0.57
[INFO] [stderr]     Checking shiplift v0.6.0
[INFO] [stderr]     Checking validate-container v0.1.0 (/opt/rustwide/workdir)
[INFO] [stdout] warning: use of deprecated macro `try`: use the `?` operator instead
[INFO] [stdout]  --> src/main.rs:8:17
[INFO] [stdout]   |
[INFO] [stdout] 8 |     let image = try!(docker.images()
[INFO] [stdout]   |                 ^^^
[INFO] [stdout]   |
[INFO] [stdout]   = note: `#[warn(deprecated)]` on by default
[INFO] [stdout] 
[INFO] [stdout] 
[INFO] [stdout] warning: use of deprecated macro `try`: use the `?` operator instead
[INFO] [stdout]  --> src/main.rs:8:17
[INFO] [stdout]   |
[INFO] [stdout] 8 |     let image = try!(docker.images()
[INFO] [stdout]   |                 ^^^
[INFO] [stdout]   |
[INFO] [stdout]   = note: `#[warn(deprecated)]` on by default
[INFO] [stdout] 
[INFO] [stdout] 
[INFO] [stdout] error[E0308]: mismatched types
[INFO] [stdout]   --> src/main.rs:8:17
[INFO] [stdout]    |
[INFO] [stdout] 8  |       let image = try!(docker.images()
[INFO] [stdout]    |  _________________^
[INFO] [stdout] 9  | |         .get(image_name)
[INFO] [stdout] 10 | |         .inspect());
[INFO] [stdout]    | |___________________^ expected opaque type, found enum `std::result::Result`
[INFO] [stdout]    | 
[INFO] [stdout]   ::: /opt/rustwide/cargo-home/registry/src/github.com-1ecc6299db9ec823/shiplift-0.6.0/src/lib.rs:93:30
[INFO] [stdout]    |
[INFO] [stdout] 93 |       pub fn inspect(&self) -> impl Future<Item = ImageDetails, Error = Error> {
[INFO] [stdout]    |                                ----------------------------------------------- the expected opaque type
[INFO] [stdout]    |
[INFO] [stdout]    = note: expected opaque type `impl futures::future::Future`
[INFO] [stdout]                      found enum `std::result::Result<_, _>`
[INFO] [stdout]    = note: this error originates in a macro (in Nightly builds, run with -Z macro-backtrace for more info)
[INFO] [stdout] 
[INFO] [stdout] 
[INFO] [stdout] error[E0308]: mismatched types
[INFO] [stdout]   --> src/main.rs:8:17
[INFO] [stdout]    |
[INFO] [stdout] 8  |       let image = try!(docker.images()
[INFO] [stdout]    |  _________________^
[INFO] [stdout] 9  | |         .get(image_name)
[INFO] [stdout] 10 | |         .inspect());
[INFO] [stdout]    | |___________________^ expected opaque type, found enum `std::result::Result`
[INFO] [stdout]    | 
[INFO] [stdout]   ::: /opt/rustwide/cargo-home/registry/src/github.com-1ecc6299db9ec823/shiplift-0.6.0/src/lib.rs:93:30
[INFO] [stdout]    |
[INFO] [stdout] 93 |       pub fn inspect(&self) -> impl Future<Item = ImageDetails, Error = Error> {
[INFO] [stdout]    |                                ----------------------------------------------- the expected opaque type
[INFO] [stdout]    |
[INFO] [stdout]    = note: expected opaque type `impl futures::future::Future`
[INFO] [stdout]                      found enum `std::result::Result<_, _>`
[INFO] [stdout]    = note: this error originates in a macro (in Nightly builds, run with -Z macro-backtrace for more info)
[INFO] [stdout] 
[INFO] [stdout] 
[INFO] [stdout] error[E0308]: mismatched types
[INFO] [stdout]   --> src/main.rs:8:17
[INFO] [stdout]    |
[INFO] [stdout] 8  |       let image = try!(docker.images()
[INFO] [stdout]    |  _________________^
[INFO] [stdout] 9  | |         .get(image_name)
[INFO] [stdout] 10 | |         .inspect());
[INFO] [stdout]    | |___________________^ expected opaque type, found enum `std::result::Result`
[INFO] [stdout]    | 
[INFO] [stdout]   ::: /opt/rustwide/cargo-home/registry/src/github.com-1ecc6299db9ec823/shiplift-0.6.0/src/lib.rs:93:30
[INFO] [stdout]    |
[INFO] [stdout] 93 |       pub fn inspect(&self) -> impl Future<Item = ImageDetails, Error = Error> {
[INFO] [stdout]    |                                ----------------------------------------------- the expected opaque type
[INFO] [stdout]    |
[INFO] [stdout]    = note: expected opaque type `impl futures::future::Future`
[INFO] [stdout]                      found enum `std::result::Result<_, _>`
[INFO] [stdout]    = note: this error originates in a macro (in Nightly builds, run with -Z macro-backtrace for more info)
[INFO] [stdout] 
[INFO] [stdout] 
[INFO] [stdout] error[E0308]: mismatched types
[INFO] [stdout]   --> src/main.rs:8:17
[INFO] [stdout]    |
[INFO] [stdout] 8  |       let image = try!(docker.images()
[INFO] [stdout]    |  _________________^
[INFO] [stdout] 9  | |         .get(image_name)
[INFO] [stdout] 10 | |         .inspect());
[INFO] [stdout]    | |___________________^ expected opaque type, found enum `std::result::Result`
[INFO] [stdout]    | 
[INFO] [stdout]   ::: /opt/rustwide/cargo-home/registry/src/github.com-1ecc6299db9ec823/shiplift-0.6.0/src/lib.rs:93:30
[INFO] [stdout]    |
[INFO] [stdout] 93 |       pub fn inspect(&self) -> impl Future<Item = ImageDetails, Error = Error> {
[INFO] [stdout]    |                                ----------------------------------------------- the expected opaque type
[INFO] [stdout]    |
[INFO] [stdout]    = note: expected opaque type `impl futures::future::Future`
[INFO] [stdout]                      found enum `std::result::Result<_, _>`
[INFO] [stdout]    = note: this error originates in a macro (in Nightly builds, run with -Z macro-backtrace for more info)
[INFO] [stdout] 
[INFO] [stdout] 
[INFO] [stdout] error[E0277]: the `?` operator can only be applied to values that implement `Try`
[INFO] [stdout]   --> src/main.rs:17:17
[INFO] [stdout]    |
[INFO] [stdout] 17 |       let image = docker
[INFO] [stdout]    |  _________________^
[INFO] [stdout] 18 | |         .images()
[INFO] [stdout] 19 | |         .get(image_name)
[INFO] [stdout] 20 | |         .inspect()?;
[INFO] [stdout]    | |___________________^ the `?` operator cannot be applied to type `impl futures::future::Future`
[INFO] [stdout]    |
[INFO] [stdout]    = help: the trait `Try` is not implemented for `impl futures::future::Future`
[INFO] [stdout]    = note: required by `into_result`
[INFO] [stdout] 
[INFO] [stdout] 
[INFO] [stdout] error[E0277]: the `?` operator can only be applied to values that implement `Try`
[INFO] [stdout]   --> src/main.rs:17:17
[INFO] [stdout]    |
[INFO] [stdout] 17 |       let image = docker
[INFO] [stdout]    |  _________________^
[INFO] [stdout] 18 | |         .images()
[INFO] [stdout] 19 | |         .get(image_name)
[INFO] [stdout] 20 | |         .inspect()?;
[INFO] [stdout]    | |___________________^ the `?` operator cannot be applied to type `impl futures::future::Future`
[INFO] [stdout]    |
[INFO] [stdout]    = help: the trait `Try` is not implemented for `impl futures::future::Future`
[INFO] [stdout]    = note: required by `into_result`
[INFO] [stdout] 
[INFO] [stdout] 
[INFO] [stdout] error[E0277]: the `?` operator can only be applied to values that implement `Try`
[INFO] [stdout]   --> src/main.rs:24:29
[INFO] [stdout]    |
[INFO] [stdout] 24 |     let r = containers.get(&containers.create(&options)?.Id).start()?;
[INFO] [stdout]    |                             ^^^^^^^^^^^^^^^^^^^^^^^^^^^^ the `?` operator cannot be applied to type `impl futures::future::Future`
[INFO] [stdout]    |
[INFO] [stdout]    = help: the trait `Try` is not implemented for `impl futures::future::Future`
[INFO] [stdout]    = note: required by `into_result`
[INFO] [stdout] 
[INFO] [stdout] 
[INFO] [stdout] error[E0277]: the `?` operator can only be applied to values that implement `Try`
[INFO] [stdout]   --> src/main.rs:24:13
[INFO] [stdout]    |
[INFO] [stdout] 24 |     let r = containers.get(&containers.create(&options)?.Id).start()?;
[INFO] [stdout]    |             ^^^^^^^^^^^^^^^^^^^^^^^^^^^^^^^^^^^^^^^^^^^^^^^^^^^^^^^^^ the `?` operator cannot be applied to type `impl futures::future::Future`
[INFO] [stdout]    |
[INFO] [stdout]    = help: the trait `Try` is not implemented for `impl futures::future::Future`
[INFO] [stdout]    = note: required by `into_result`
[INFO] [stdout] 
[INFO] [stdout] 
[INFO] [stdout] error[E0277]: the `?` operator can only be applied to values that implement `Try`
[INFO] [stdout]   --> src/main.rs:24:29
[INFO] [stdout]    |
[INFO] [stdout] 24 |     let r = containers.get(&containers.create(&options)?.Id).start()?;
[INFO] [stdout]    |                             ^^^^^^^^^^^^^^^^^^^^^^^^^^^^ the `?` operator cannot be applied to type `impl futures::future::Future`
[INFO] [stdout]    |
[INFO] [stdout]    = help: the trait `Try` is not implemented for `impl futures::future::Future`
[INFO] [stdout]    = note: required by `into_result`
[INFO] [stdout] 
[INFO] [stdout] 
[INFO] [stdout] error[E0277]: the `?` operator can only be applied to values that implement `Try`
[INFO] [stdout]   --> src/main.rs:36:17
[INFO] [stdout]    |
[INFO] [stdout] 36 |       let image = docker
[INFO] [stdout]    |  _________________^
[INFO] [stdout] 37 | |         .images()
[INFO] [stdout] 38 | |         .get(image_name)
[INFO] [stdout] 39 | |         .inspect()?;
[INFO] [stdout]    | |___________________^ the `?` operator cannot be applied to type `impl futures::future::Future`
[INFO] [stdout]    |
[INFO] [stdout]    = help: the trait `Try` is not implemented for `impl futures::future::Future`
[INFO] [stdout]    = note: required by `into_result`
[INFO] [stdout] 
[INFO] [stdout] 
[INFO] [stdout] error[E0277]: the `?` operator can only be applied to values that implement `Try`
[INFO] [stdout]   --> src/main.rs:24:13
[INFO] [stdout]    |
[INFO] [stdout] 24 |     let r = containers.get(&containers.create(&options)?.Id).start()?;
[INFO] [stdout]    |             ^^^^^^^^^^^^^^^^^^^^^^^^^^^^^^^^^^^^^^^^^^^^^^^^^^^^^^^^^ the `?` operator cannot be applied to type `impl futures::future::Future`
[INFO] [stdout]    |
[INFO] [stdout]    = help: the trait `Try` is not implemented for `impl futures::future::Future`
[INFO] [stdout]    = note: required by `into_result`
[INFO] [stdout] 
[INFO] [stdout] 
[INFO] [stdout] error[E0277]: the `?` operator can only be applied to values that implement `Try`
[INFO] [stdout]   --> src/main.rs:36:17
[INFO] [stdout]    |
[INFO] [stdout] 36 |       let image = docker
[INFO] [stdout]    |  _________________^
[INFO] [stdout] 37 | |         .images()
[INFO] [stdout] 38 | |         .get(image_name)
[INFO] [stdout] 39 | |         .inspect()?;
[INFO] [stdout]    | |___________________^ the `?` operator cannot be applied to type `impl futures::future::Future`
[INFO] [stdout]    |
[INFO] [stdout]    = help: the trait `Try` is not implemented for `impl futures::future::Future`
[INFO] [stdout]    = note: required by `into_result`
[INFO] [stdout] 
[INFO] [stdout] 
[INFO] [stdout] error: aborting due to 6 previous errors; 1 warning emitted
[INFO] [stdout] 
[INFO] [stdout] 
[INFO] [stdout] Some errors have detailed explanations: E0277, E0308.
[INFO] [stdout] 
[INFO] [stdout] For more information about an error, try `rustc --explain E0277`.
[INFO] [stdout] 
[INFO] [stdout] error[E0599]: no method named `unwrap` found for opaque type `impl futures::stream::Stream` in the current scope
[INFO] [stdout]   --> src/main.rs:67:15
[INFO] [stdout]    |
[INFO] [stdout] 67 |             ).unwrap();
[INFO] [stdout]    |               ^^^^^^ method not found in `impl futures::stream::Stream`
[INFO] [stdout] 
[INFO] [stdout] 
[INFO] [stderr] error: could not compile `validate-container`.
[INFO] [stderr] 
[INFO] [stderr] To learn more, run the command again with --verbose.
[INFO] [stderr] warning: build failed, waiting for other jobs to finish...
[INFO] [stdout] error: aborting due to 7 previous errors; 1 warning emitted
[INFO] [stdout] 
[INFO] [stdout] 
[INFO] [stdout] Some errors have detailed explanations: E0277, E0308, E0599.
[INFO] [stdout] 
[INFO] [stdout] For more information about an error, try `rustc --explain E0277`.
[INFO] [stdout] 
[INFO] [stderr] error: build failed
[INFO] running `Command { std: "docker" "inspect" "254c3f445ab248a3f0de096dc3c65aae72083435da4fcf83664615ae7e05df74", kill_on_drop: false }`
[INFO] running `Command { std: "docker" "rm" "-f" "254c3f445ab248a3f0de096dc3c65aae72083435da4fcf83664615ae7e05df74", kill_on_drop: false }`
[INFO] [stdout] 254c3f445ab248a3f0de096dc3c65aae72083435da4fcf83664615ae7e05df74
